- 52*a**2 - 12*a - 29. Calculate the remainder when d(12) is divided by 29.
28
Suppose 5*w = -2*m - m - 3, 2*m + 6 = -2*w. Suppose 0 = -3*a - 3*y + 2 + 7, 3*y + 19 = a. What is the remainder when a is divided by (m/(-2) + -4)/((-3)/15)?
2
Let z(m) = -m**3 + m**2 - 1. Let q = 5 - 7. Calculate the remainder when 1*44 - (5 - 4) is divided by z(q).
10
Let m(y) = -y**2 - 29*y - 97. What is the remainder when 20 is divided by m(-25)?
2
Let a(l) = -3*l**2 - 10*l - 18. Let b be a(-5). Let d = b + 118. Calculate the remainder when d is divided by 19.
18
What is the remainder when (2/(-1))/(-4*7/728) is divided by 12?
4
Suppose 20*x = 22*x - 100. Let g(c) = -2*c + 9. What is the remainder when x is divided by g(-4)?
16
Let y = 74 - 83. What is the remainder when 3*3/y + 24 is divided by 12?
11
Let p be (8/(-6))/((-9)/1107). Suppose -4*o + 8 + p = 0. Calculate the remainder when 1/(((-4)/o)/(-4)) is divided by 11.
10
Suppose 0 = 73*p - 80*p + 2198. Calculate the remainder when p is divided by 9.
8
Suppose 2*n = 5*n - 30. Let t(o) = -29*o - 25*o + 83*o - 19 - 30*o + o**2. Calculate the remainder when t(8) is divided by n.
7
Let w(a) = -2*a**2 - 15*a + 7*a - 2 - 2*a**3 + 3*a. What is the remainder when 124 is divided by w(-2)?
12
Suppose -5*v - 5*t + 320 = 0, 3*v - 188 = -334*t + 335*t. Calculate the remainder when 398 is divided by v.
20
Suppose -i - 5*v + v = 14, v + 14 = -2*i. Calculate the remainder when 164 + -77 - 0/(1 - 2) is divided by 88/(-12)*i/2.
21
Suppose 5*j + 19*j - 240 = 0. Suppose 2*u = 84 - 30. What is the remainder when u is divided by j?
7
Suppose -2*h + 2*y + 178 = 0, -24 = -4*y - 4. Let t = -94 + 137. What is the remainder when t is divided by 2/(-3) - h/(-6)?
13
Suppose -40*z = -916 - 4. What is the remainder when 389 is divided by z?
21
Suppose 0 = -0*u - 4*u + k - 6, 0 = 3*u - 3*k. Calculate the remainder when ((-10)/10)/(u/20) is divided by 4.
2
What is the remainder when 8 is divided by (8/12)/(((-110)/75)/(-11))?
3
Let y = 4 - -107. What is the remainder when 2/8*(y + 5) - 4 is divided by 7?
4
Let x(u) = 5*u - 19. What is the remainder when 395 is divided by x(11)?
35
Let m(l) = 5*l**2 + 1. Let u be m(-2). Let r = u - 11. Let f(b) = -b**3 - 9*b**2 + 5*b - 13. What is the remainder when f(-10) is divided by r?
7
Let v = -350 + 413. Calculate the remainder when v is divided by 34.
29
Let q = 0 + 8. Calculate the remainder when ((-55)/4)/(-2 - (-15)/q) is divided by 38.
34
Let c(t) = 12*t**2 + 11*t + 9. Calculate the remainder when c(-4) is divided by 40.
37
Suppose -6*j - 2*q = -3*j - 352, -3*j + 5*q = -317. Let v = 137 - j. What is the remainder when 44 is divided by v?
21
Suppose y + 4 = 0, -5*v + 179 + 212 = y. Let s = 115 - v. What is the remainder when 141 is divided by s?
33
Let y(l) = -2*l**3 + 3*l**2 - l. Let k be y(-4). Suppose 4*g - 14 = 14. Calculate the remainder when 2/g - k/(-7) is divided by 14.
12
Suppose -5*i = 2*j - 33, -6*j + 126 = -j - 2*i. Calculate the remainder when 95 is divided by j.
23
Let y(d) = 7*d**2 + d. Let f be y(1). Suppose -2*w + f = -w. Let a = -524 - -537. What is the remainder when a is divided by w?
5
Suppose -7*h = -3*h - 20, -5*a - 3*h + 50 = 0. Suppose -2*c - 25 = -c + 5*g, 5*g + 25 = 0. Let s = a - c. Calculate the remainder when s is divided by 2.
1
Suppose 0 = -21*a + 1291 + 179. Calculate the remainder when 86 is divided by a.
16
Let v = 11 + -7. Suppose -4*z + c = 4*c - 27, -5*c + 17 = 2*z. What is the remainder when z is divided by v?
2
Let u(a) = 10*a - 14. Suppose 3*h + 4*j - 2*j = 22, 5*j - 9 = 4*h. Let w(b) = -2*b**3 - b**2 + 2*b - 3. What is the remainder when w(-4) is divided by u(h)?
23
Suppose 0 = -15*l - 5*l + 620. What is the remainder when l is divided by 3?
1
Let n(v) = v**3 + 12*v**2 - 25*v + 60. Suppose 5 = -s - 0*s. Let j = s - -10. Calculate the remainder when n(-14) is divided by j.
3
Let y(d) = -3*d - 3. Suppose 4*w + 4 + 28 = 0. Let u = -14 - w. What is the remainder when 41 is divided by y(u)?
11
Suppose 2*n - 157 = 189. Let s = -40 + 69. Calculate the remainder when n is divided by s.
28
Suppose 2*w = -4, -5*w = 4*h - 351 + 29. Suppose -8*b + 13 = -h. What is the remainder when 30 is divided by b?
6
Suppose 0 = 5*t + 4 + 21. Let x = 8 - t. Suppose -o + 2*o - 23 = 0. What is the remainder when o is divided by x?
10
Let b = -394 + 507. Suppose 3*v = -2*w + 55, -5*w - 31 = 2*v - 152. What is the remainder when b is divided by w?
21
Let i(v) = v**3 + v**2 + 3*v + 44. Suppose 0 = -7*q - q. Calculate the remainder when i(q) is divided by 15.
14
Let f = 162 - 153. What is the remainder when f is divided by 3?
0
Suppose 22 - 207 = -5*c. Let m be (12/(-10))/(26/65). What is the remainder when c is divided by 4/(-12) + ((-49)/m - -3)?
18
Let v(y) = 33 + 7*y**2 - 32 + 6*y + 3*y**2. Calculate the remainder when v(-4) is divided by 35.
32
Let m = 39 - -70. Calculate the remainder when m is divided by 56.
53
Let u(c) = -21*c - 74. Suppose 7 = 5*o + 3*b - 8, 4 = 4*o + 4*b. Suppose 5 = t - o. What is the remainder when u(-5) is divided by t?
9
Suppose -5*j + 209 = 14. Calculate the remainder when j is divided by 21.
18
Let q = -294 + 455. Calculate the remainder when q is divided by 77.
7
Let y = 1013 + -939. Calculate the remainder when 145 is divided by y.
71
Suppose v - 71 = h + 154, 4*v - 894 = 2*h. What is the remainder when v is divided by 45?
42
Calculate the remainder when 107 is divided by 3930/150 - (-1 - (-2)/10).
26
Let z = -793 + 813. Calculate the remainder when 31 is divided by z.
11
Let f be (-12)/(-36) - (-604)/6. Let r = -20 + f. Calculate the remainder when r is divided by 17.
13
Suppose 6*r - 114 = 834. What is the remainder when r is divided by 34?
22
Let n = 225 - -339. Calculate the remainder when n is divided by 48.
36
Suppose 4*r - 4*i = 3*r - 19, r + 23 = 5*i. Calculate the remainder when 40 is divided by 7/((7/r)/(-7)).
19
Suppose 0 = 3*y - 14 - 19. Let n = 49 - y. Calculate the remainder when n is divided by 13.
12
Suppose -472*u + 4*p = -476*u + 220, -2*p - 282 = -5*u. What is the remainder when 151 is divided by u?
39
Suppose 0 = -2*s - 2*m + 72, 2*s - 4*m = -2*s + 160. Let o = 22 + -14. Suppose o*z = -12 + 92. What is the remainder when s is divided by z?
8
Let n = -180 - -143. Let s = -3 - n. Calculate the remainder when 62 is divided by s.
28
Let o(p) = 26*p - 86. What is the remainder when o(5) is divided by 32?
12
Let x(o) = -o**3 - 47*o**2 - 43*o + 160. What is the remainder when 130 is divided by x(-46)?
20
Suppose 5*u = -4*o + 30 - 9, -5*u = -25. Let n = o + 4. Suppose 0 - 21 = -n*i. Calculate the remainder when 12 is divided by i.
5
Suppose -38*v + 42*v + 5*q - 2042 = 0, -q - 2567 = -5*v. Calculate the remainder when v is divided by 103.
101
Let z = -198 - -304. Let n = -55 + z. What is the remainder when 203 is divided by n?
50
Suppose 0*m + 211 = 3*p + m, 0 = 5*p - 5*m - 345. Let n = p + -21. What is the remainder when n is divided by 17?
15
Let n be (10/15)/((-115)/57 - -2). Let l = 117 + n. Calculate the remainder when l is divided by 20.
19
Let d(y) = -2*y**2 - 40*y - 127. Suppose -14 = -0*m - m. Calculate the remainder when d(-15) is divided by m.
9
Let l(o) = 10*o + 0*o**2 + 2*o**2 - 3*o**2 + 0 - 1. What is the remainder when l(6) is divided by 12?
11
Let l = -592 - -599. Suppose -35 = -4*w + 1. Suppose -4*b - 5*r = w, 3*b + 2*r - 4*r - 22 = 0. Calculate the remainder when l is divided by b.
3
Let y(w) = -w**3 - 9*w**2 + 8*w - 6. Calculate the remainder when 587 is divided by y(-10).
13
Let a(u) = 3*u + 2. Let i be a(4). Suppose -5*p - 10 = 0, 0 = -y - y - 5*p - 14. Let n = y + i. What is the remainder when 23 is divided by n?
11
Suppose 296 = 3*p - 7*y + 3*y, 0 = -5*p + 5*y + 500. Let s = p - 45. Calculate the remainder when s is divided by 30.
29
Calculate the remainder when 2564/24 - 3 - 4/(-24) is divided by 16.
8
Suppose 5*u + 7 = 3*k + 1, 2*k + 3*u = 4. Suppose 3*p - 81 = -p + 5*x, -2*x + 18 = k*p. What is the remainder when 24 is divided by p?
10
Suppose -4*t + 106 + 2 = 0. Calculate the remainder when t is divided by 4.
3
Let m = 29 + 1. Let i = -29 + 20. Calculate the remainder when m is divided by 0 + 9 - (i + 10).
6
Let g = 38 + -36. Suppose -k + 40 = -2*o + 6*o, -20 = -g*o - k. What is the remainder when o is divided 